{"id":40,"date":"2024-09-25T07:25:03","date_gmt":"2024-09-25T05:25:03","guid":{"rendered":"https:\/\/clicknclean.es\/farmacia\/?post_type=product&#038;p=40"},"modified":"2024-09-25T07:27:44","modified_gmt":"2024-09-25T05:27:44","slug":"tonerin","status":"publish","type":"product","link":"https:\/\/clicknclean.es\/farmacia\/product\/tonerin\/","title":{"rendered":"Tonerin"},"content":{"rendered":"<table>\n<tbody>\n<tr>\n<td>Sitio web<\/td>\n<td>Tonerin.es<\/td>\n<\/tr>\n<tr>\n<td>Acci\u00f3n<\/td>\n<td>\u2714 Normaliza el funcionamiento del sistema cardiovascular;<br \/>\n\u2714 Ayuda a mejorar el flujo sangu\u00edneo al cerebro;<br \/>\n\u2714 Fortalece las paredes de los vasos sangu\u00edneos.<\/td>\n<\/tr>\n<tr>\n<td>Componentes<\/td>\n<td>\u2714 La hierba de lim\u00f3n;<br \/>\n\u2714 Espino;<br \/>\n\u2714 Vitamina B6;<br \/>\n\u2714 Ajo.<\/td>\n<\/tr>\n<tr>\n<td>Instrucciones de uso<\/td>\n<td>La aplicaci\u00f3n en s\u00ed es muy sencilla, basta con tomar 2 c\u00e1psulas al d\u00eda durante todo el tratamiento.<\/td>\n<\/tr>\n<tr>\n<td>Volumen<\/td>\n<td>21 c\u00e1psulas<\/td>\n<\/tr>\n<tr>\n<td>Precio<\/td>\n<td>\ud83d\uded1 780 MXN<\/td>\n<\/tr>\n<tr>\n<td>Entrega<\/td>\n<td>Una semana<\/td>\n<\/tr>\n<\/tbody>\n<\/table>\n<h2><b>Tonerin \u2013 c\u00e1psulas para la hipertensi\u00f3n y la mejora de la salud general<\/b><\/h2>\n<p><img loading=\"lazy\" decoding=\"async\" class=\"aligncenter size-full wp-image-15\" src=\"http:\/\/clicknclean.es\/farmacia\/wp-content\/uploads\/2024\/09\/Tonerin-1.jpg\" alt=\"Tonerin precio farmacia similares\" width=\"500\" height=\"348\" srcset=\"https:\/\/clicknclean.es\/farmacia\/wp-content\/uploads\/2024\/09\/Tonerin-1.jpg 500w, https:\/\/clicknclean.es\/farmacia\/wp-content\/uploads\/2024\/09\/Tonerin-1-300x209.jpg 300w\" sizes=\"(max-width: 500px) 100vw, 500px\" \/><\/p>\n<p>La eficacia de Tonerin qued\u00f3 demostrada en una encuesta a clientes, seg\u00fan informaci\u00f3n publicada en el sitio web del fabricante, que mostr\u00f3 que el 87% de los encuestados inform\u00f3 una normalizaci\u00f3n de la presi\u00f3n arterial y una mejora en el bienestar general.<\/p>\n<p>Si notas s\u00edntomas como mejillas enrojecidas, dolor de cabeza, dificultad para respirar o mareos durante el verano o los meses m\u00e1s c\u00e1lidos, contin\u00faa leyendo este art\u00edculo porque tenemos mucha m\u00e1s informaci\u00f3n sobre ingredientes, posibles efectos secundarios en nuestra secci\u00f3n de rese\u00f1as de usuarios actuales, contraindicaciones e incluso Opiniones seleccionadas de usuarios anteriores para que sirve Tonerin.<\/p>\n<p>Tonerin \u00a1est\u00e1 dise\u00f1ado para aliviar los s\u00edntomas de la hipertensi\u00f3n que ocurren durante la estaci\u00f3n c\u00e1lida!<\/p>\n<h2><b>Clasificaci\u00f3n de la hipertensi\u00f3n<\/b><\/h2>\n<p>Seg\u00fan la gravedad, ausencia o presencia de complicaciones, el dolor de cabeza se divide en tres grados:<\/p>\n<h3>Yo grado (leve)<\/h3>\n<p>Se producen per\u00edodos peri\u00f3dicos de presi\u00f3n arterial alta con un regreso independiente a los niveles normales. No hay cambios negativos en el funcionamiento de los \u00f3rganos internos. En esta etapa, los aumentos repentinos de presi\u00f3n arterial fluct\u00faan dentro del siguiente rango: sist\u00f3lica 140-159 mm Hg. Art., diast\u00f3lica \u2013 90-99. Las manifestaciones son d\u00e9biles, a menudo la gente no las siente.<\/p>\n<h3>II grado (moderado)<\/h3>\n<p>Esta etapa de la hipertensi\u00f3n se caracteriza por los siguientes cambios patol\u00f3gicos: vasoconstricci\u00f3n, aparici\u00f3n de placas, insuficiencia renal y agrandamiento de la aur\u00edcula izquierda. Las lecturas de presi\u00f3n arterial oscilan entre 160 y 179 mm Hg. Arte. (arriba), abajo \u2013 100-109 durante mucho tiempo. Las remisiones ocurren raramente. Reducir la presi\u00f3n arterial s\u00f3lo es posible con la ayuda de medicamentos.<\/p>\n<h3>III grado (grave)<\/h3>\n<p>Se producen patolog\u00edas importantes en el funcionamiento del sistema cardiovascular: angina de pecho, obstrucci\u00f3n arterial, ataque card\u00edaco, disecci\u00f3n a\u00f3rtica. La circulaci\u00f3n cerebral se altera, lo que provoca accidentes cerebrovasculares y demencia vascular. Esta es una condici\u00f3n peligrosa que, sin atenci\u00f3n m\u00e9dica, puede provocar la muerte o la discapacidad. Las lecturas de presi\u00f3n arterial superior son consistentemente de 180 o m\u00e1s, las inferiores son de 110 mm Hg. Arte.<\/p>\n<p>Las complicaciones peligrosas de la enfermedad incluyen la crisis hipertensiva. Este fuerte aumento de la presi\u00f3n arterial a niveles cr\u00edticos requiere una reducci\u00f3n inmediata de la presi\u00f3n arterial con medicamentos intravenosos. Si no se brinda atenci\u00f3n m\u00e9dica a tiempo, la presi\u00f3n arterial alta puede provocar da\u00f1os en \u00f3rganos importantes: el coraz\u00f3n, el cerebro y los ri\u00f1ones.<\/p>\n<h2><b>\u00bfQu\u00e9 es Tonerin es bueno o malo?<\/b><\/h2>\n<p><img loading=\"lazy\" decoding=\"async\" class=\"aligncenter size-full wp-image-16\" src=\"http:\/\/clicknclean.es\/farmacia\/wp-content\/uploads\/2024\/09\/Tonerin-2.jpg\" alt=\"Tonerin precio\" width=\"500\" height=\"350\" srcset=\"https:\/\/clicknclean.es\/farmacia\/wp-content\/uploads\/2024\/09\/Tonerin-2.jpg 500w, https:\/\/clicknclean.es\/farmacia\/wp-content\/uploads\/2024\/09\/Tonerin-2-300x210.jpg 300w\" sizes=\"(max-width: 500px) 100vw, 500px\" \/><\/p>\n<p>Tonerin Las c\u00e1psulas son un suplemento diet\u00e9tico que, seg\u00fan el fabricante, puede ayudar a reducir los s\u00edntomas asociados con la presi\u00f3n arterial alta durante los meses m\u00e1s c\u00e1lidos. El fabricante promete, entre otras cosas, que puede reducir la carga sobre el sistema respiratorio e incluso ayudar a mejorar el suministro de sangre al cerebro.<\/p>\n<h2><b>\u00bfC\u00f3mo funciona Tonerin? \u00bfDe qu\u00e9 es capaz ella?<\/b><\/h2>\n<p>El fabricante afirma que se trata de un suplemento diet\u00e9tico Tonerin, resultados reales que supuestamente consta \u00fanicamente de ingredientes naturales. Estos ingredientes incluyen hierba de lim\u00f3n, que ayuda a calmar la respiraci\u00f3n, y espino, que se sabe desde hace mucho tiempo que ayuda a normalizar la presi\u00f3n arterial y reducir la fatiga.<\/p>\n<p>Piense en cu\u00e1nto puede obtener al deshacerse de la presi\u00f3n arterial alta: su memoria mejorar\u00e1, su sue\u00f1o se normalizar\u00e1 y los dolores de cabeza ser\u00e1n cosa del pasado.<\/p>\n<p>Si tiene presi\u00f3n arterial alta o posibles problemas card\u00edacos, consulte siempre a su m\u00e9dico o farmac\u00e9utico antes de utilizar cualquier producto.<\/p>\n<h2><b>Pero \u00bfpor qu\u00e9 deber\u00edas comprar c\u00e1psulas Tonerin?<\/b><\/h2>\n<ol>\n<li aria-level=\"1\">Es f\u00e1cil de usar.<\/li>\n<li aria-level=\"1\">Seg\u00fan la descripci\u00f3n del fabricante, deber\u00eda ayudar con muchos problemas.<\/li>\n<li aria-level=\"1\">Efecto probado prometido por el fabricante: El fabricante afirma en su sitio web que los estudios realizados en miles de personas sugieren que deber\u00eda producirse un efecto positivo.<\/li>\n<li aria-level=\"1\">No hay efectos secundarios prometidos por el fabricante: el fabricante afirma en su sitio web que se trata de un producto natural, por lo que probablemente no tenga efectos secundarios.<\/li>\n<\/ol>\n<h2><b>Ingredientes de la c\u00e1psula Tonerin<\/b><\/h2>\n<p><img loading=\"lazy\" decoding=\"async\" class=\"aligncenter size-full wp-image-17\" src=\"http:\/\/clicknclean.es\/farmacia\/wp-content\/uploads\/2024\/09\/Tonerin-3.jpg\" alt=\"Tonerin donde lo venden\" width=\"500\" height=\"371\" srcset=\"https:\/\/clicknclean.es\/farmacia\/wp-content\/uploads\/2024\/09\/Tonerin-3.jpg 500w, https:\/\/clicknclean.es\/farmacia\/wp-content\/uploads\/2024\/09\/Tonerin-3-300x223.jpg 300w\" sizes=\"(max-width: 500px) 100vw, 500px\" \/><\/p>\n<p>Las c\u00e1psulas Tonerin son complementos naturales que, gracias a los ingredientes que contienen, pueden ayudar a aliviar los problemas de hipertensi\u00f3n arterial especialmente habituales en verano, como normalizar la hipertensi\u00f3n arterial y favorecer el flujo sangu\u00edneo al cerebro. Las c\u00e1psulas contienen ingredientes naturales supuestamente puros, incluido el ajo, conocido desde hace mucho tiempo por sus beneficios para la salud, que pueden incluso prevenir los co\u00e1gulos sangu\u00edneos y fortalecer las paredes de los vasos sangu\u00edneos.<\/p>\n<p>Adem\u00e1s, hay s\u00edntomas de problemas de presi\u00f3n arterial alta (n\u00e1useas, dificultad para respirar, visi\u00f3n borrosa e incluso convulsiones) que son demasiado numerosos para mencionarlos. As\u00ed que no dejes de leer porque m\u00e1s adelante en el art\u00edculo encontrar\u00e1s m\u00e1s informaci\u00f3n sobre para qu\u00e9 sirve Tonerin, c\u00f3mo tomarlo y c\u00f3mo funciona.<\/p>\n<p>En la web del fabricante puedes encontrar muchos detalles sobre la f\u00f3rmula, que est\u00e1 dise\u00f1ada para ayudar a aliviar o incluso eliminar los problemas que empeoran en verano. Vale la pena se\u00f1alar que todos los ingredientes Tonerin confiable prometidos se conocen desde hace mucho tiempo en el mundo de la medicina y la naturopat\u00eda.<\/p>\n<p>Componente Los entes Tonerin son:<\/p>\n<ol>\n<li aria-level=\"1\"><b>Limoncillo: <\/b>normaliza el funcionamiento del sistema cardiovascular.<\/li>\n<li aria-level=\"1\"><b>Espino:<\/b> El fabricante promete que deber\u00eda ayudar a normalizar la presi\u00f3n arterial y aliviar la irritabilidad.<\/li>\n<li aria-level=\"1\"><b>Vitamina B6:<\/b> el fabricante afirma que puede incluso ayudar a mejorar el flujo sangu\u00edneo al cerebro y dilatar los vasos sangu\u00edneos.<\/li>\n<li aria-level=\"1\"><b>Ajo:<\/b> debe fortalecer las paredes de los vasos sangu\u00edneos y evitar que se obstruyan.<\/li>\n<\/ol>\n<h2><b>\u00bfComo se aplica el medicamento para la hipertensi\u00f3n Tonerin?<\/b><\/h2>\n<p>La aplicaci\u00f3n en s\u00ed es muy sencilla, basta con como se usa el 2 c\u00e1psulas al d\u00eda durante todo el tratamiento. Como prometimos, no existen contraindicaciones y no se mencionan en el sitio web del fabricante.<\/p>\n<h2><b>\u00bfHay alg\u00fan efecto secundario?<\/b><\/h2>\n<p>Tampoco hay problemas de efectos secundarios, ya que prometen que estar\u00e1 elaborado a partir de ingredientes completamente naturales, cuya eficacia supuestamente est\u00e1 confirmada en un estudio previo. Eso s\u00ed, debes leer atentamente las descripciones e instrucciones para saber qu\u00e9 es Tonerin, c\u00f3mo tomarlo y c\u00f3mo funciona Tonerin farmacia del ahorro. Esto tambi\u00e9n ayuda a garantizar que los ingredientes prometidos donde comprar Tonerin funcionen seg\u00fan lo prometido por el fabricante.<\/p>\n<h2><b>Opiniones reales de consumidores de c\u00e1psulas Tonerin<\/b><\/h2>\n<p><img loading=\"lazy\" decoding=\"async\" class=\"aligncenter size-full wp-image-18\" src=\"http:\/\/clicknclean.es\/farmacia\/wp-content\/uploads\/2024\/09\/Tonerin-4.jpg\" alt=\"Tonerin para que sirve\" width=\"500\" height=\"338\" srcset=\"https:\/\/clicknclean.es\/farmacia\/wp-content\/uploads\/2024\/09\/Tonerin-4.jpg 500w, https:\/\/clicknclean.es\/farmacia\/wp-content\/uploads\/2024\/09\/Tonerin-4-300x203.jpg 300w\" sizes=\"(max-width: 500px) 100vw, 500px\" \/><\/p>\n<p>No se puede subestimar el impacto de ignorar los s\u00edntomas y signos de la presi\u00f3n arterial alta. Por lo tanto, es necesario abordar esta situaci\u00f3n, como se escribe cada d\u00eda en miles de temas en el foro h\u00fangaro.<\/p>\n<p>Y si los datos y la informaci\u00f3n a\u00fan no te han ayudado a decidir si quieres experimentar los efectos de este producto, las opiniones y comentarios en el foro sobre temas relacionados con esta c\u00e1psula pueden ayudarte. A continuaci\u00f3n presentamos publicaciones en el foro Tonerin:<\/p>\n<p>&nbsp;<\/p>\n<blockquote><p><b>Jaaziel<\/b><\/p>\n<p>He tenido problemas con la presi\u00f3n arterial durante mucho tiempo, pero cada verano estos problemas y los s\u00edntomas asociados empeoran. Sol\u00eda \u200b\u200btomar analg\u00e9sicos, pero me daban serios problemas de est\u00f3mago. Desde que comenc\u00e9 a usar Tonerin, precio farmacia del ahorro la hipertensi\u00f3n ya no me molesta.<\/p><\/blockquote>\n<p>&nbsp;<\/p>\n<blockquote><p><b>Elioenai<\/b><\/p>\n<p>Desde que comenc\u00e9 a usar walmart Tonerin el verano se ha vuelto bastante llevadero. Antes ten\u00eda que quedarme en casa todos los veranos, incluso en las mejores tumbonas, porque mi hipertensi\u00f3n era muy grave. Pero todo esto ya es cosa del pasado.<\/p><\/blockquote>\n<p>&nbsp;<\/p>\n<blockquote><p><b>Armando<\/b><\/p>\n<p>Durante mucho tiempo estuve buscando un complemento que me ayudara a aliviar los s\u00edntomas de la hipertensi\u00f3n que empeora en verano, y que adem\u00e1s fuera natural. Encontr\u00e9 Tonerin en Internet donde lo puedo conseguir. Las rese\u00f1as que le\u00ed me convencieron para comprarlo, pero no me decepcionaron.<\/p><\/blockquote>\n<p>&nbsp;<\/p>\n<p>En su sitio web, el fabricante hace muchas promesas sobre la composici\u00f3n del f\u00e1rmaco y su eficacia. Rese\u00f1as y comentarios sobre la tarjeta Tonerin precio farmacia similares en muchos lugares parecen confirmarlo.<\/p>\n<h2><b>\u00bfCu\u00e1l es el precio del producto original Tonerin?<\/b><\/h2>\n<p>Como puedes leer en muchos otros lugares de Internet y en la p\u00e1gina web del fabricante, los s\u00edntomas y consecuencias de la hipertensi\u00f3n arterial pueden ser muy graves. Adem\u00e1s, la hipertensi\u00f3n no es una enfermedad muy extendida, pero s\u00ed verdaderamente extendida. Esto deja claro por qu\u00e9 es importante conocer el costo de un suplemento diet\u00e9tico que promete estar elaborado con ingredientes naturales y que puede ayudar a aliviar los s\u00edntomas.<\/p>\n<p>En el caso de Tonerin, actualmente hay un precio especial disponible en la web del fabricante, por lo que eso no deber\u00eda impedirte probarlos.<\/p>\n<h2><b>\u00bfD\u00f3nde comprar Tonerin?<\/b><\/h2>\n<p><img loading=\"lazy\" decoding=\"async\" class=\"aligncenter size-full wp-image-19\" src=\"http:\/\/clicknclean.es\/farmacia\/wp-content\/uploads\/2024\/09\/Tonerin-5.jpg\" alt=\"Tonerin resultados reales\" width=\"500\" height=\"388\" srcset=\"https:\/\/clicknclean.es\/farmacia\/wp-content\/uploads\/2024\/09\/Tonerin-5.jpg 500w, https:\/\/clicknclean.es\/farmacia\/wp-content\/uploads\/2024\/09\/Tonerin-5-300x233.jpg 300w\" sizes=\"(max-width: 500px) 100vw, 500px\" \/><\/p>\n<p>Probablemente la pregunta m\u00e1s importante despu\u00e9s de tanta informaci\u00f3n positiva y promesas es donde lo venden Tonerin. No debe buscar en farmacias y supermercados, ya que puede comprar este suplemento solo en un lugar: en el sitio web oficial.<\/p>\n<p>\u00bfY d\u00f3nde est\u00e1 disponible? Los consumidores s\u00f3lo pueden comprar este producto en el sitio web del fabricante. En otras palabras, en lugar de ir a la farmacia, simplemente acceda a Internet y al sitio web del fabricante y podr\u00e1 empezar a comprar.<\/p>\n<p>\u00bfQuieres deshacerte de los mareos y la dificultad para respirar? \u00bfEstamos cansados \u200b\u200bdel insomnio y del nerviosismo constante? \u00bfNo puedes concentrarte porque est\u00e1s cansado? No lo dudes, visita la p\u00e1gina web del fabricante en lugar de la farmacia y comprobar\u00e1s r\u00e1pidamente si las promesas del fabricante se corresponden con la realidad.<\/p>\n<h2><b>\u00bfTonerin est\u00e1 disponible en sitios comerciales?<\/b><\/h2>\n<p>La hipertensi\u00f3n es un aut\u00e9ntico asesino silencioso, destruye nuestra salud durante mucho tiempo, sin ning\u00fan s\u00edntoma grave, y si los hay, nos hacen la vida muy dif\u00edcil. No es de extra\u00f1ar que haya tantos productos en el mercado que prometen un alivio instant\u00e1neo. Desafortunadamente, muchos de ellos son falsos o falsos.<\/p>\n<p>Tambi\u00e9n existen falsificaciones de este producto, si quieres comprar lo que promete el fabricante, bajo ninguna circunstancia compres esta tableta en el sitio web del fabricante. Porque quienes compran en sitios comerciales corren un grave riesgo para su salud al utilizar productos potencialmente falsificados.<\/p>\n<p>Tonerin, en la forma en que se detalla y promete en el sitio web, s\u00f3lo se puede obtener a trav\u00e9s del sitio web del fabricante.<\/p>\n<h2><b>Preguntas m\u00e1s frecuentes<\/b><\/h2>\n<h3>\u00bfEste producto tiene certificado de calidad?<\/h3>\n<p>El sitio web del fabricante contiene fotograf\u00edas de los certificados recibidos por el fabricante que confirman la fiabilidad de las c\u00e1psulas.<\/p>\n<h3>\u00bfTe ayuda a dormir mejor?<\/h3>\n<p>Seg\u00fan las promesas del fabricante, la acci\u00f3n deber\u00eda ser universal, por lo que deber\u00eda, por ejemplo, reducir la fatiga y el insomnio y, en buenos casos, favorecer la normalidad. Estimulaci\u00f3n de la presi\u00f3n arterial.<\/p>\n<h3>\u00bfHay alg\u00fan efecto secundario?<\/h3>\n<p>Seg\u00fan el sitio web del fabricante, es poco probable que se produzcan efectos secundarios.<\/p>\n<h3>\u00bfCu\u00e1nto tiempo tarda la pastilla en empezar a hacer efecto?<\/h3>\n<p>El sitio web afirma que los resultados deben sentirse despu\u00e9s de un solo ciclo de tratamiento, y un ciclo de tratamiento puede durar hasta 2 o 3 meses.<\/p>\n","protected":false},"excerpt":{"rendered":"<p>Tonerin es un producto eficaz para normalizar la presi\u00f3n arterial y mejorar el bienestar general. Dise\u00f1ado espec\u00edficamente para aliviar los s\u00edntomas de la hipertensi\u00f3n, es ideal durante los meses c\u00e1lidos del a\u00f1o.<\/p>\n","protected":false},"featured_media":14,"comment_status":"open","ping_status":"closed","template":"","meta":[],"product_cat":[15],"product_tag":[],"_links":{"self":[{"href":"https:\/\/clicknclean.es\/farmacia\/wp-json\/wp\/v2\/product\/40"}],"collection":[{"href":"https:\/\/clicknclean.es\/farmacia\/wp-json\/wp\/v2\/product"}],"about":[{"href":"https:\/\/clicknclean.es\/farmacia\/wp-json\/wp\/v2\/types\/product"}],"replies":[{"embeddable":true,"href":"https:\/\/clicknclean.es\/farmacia\/wp-json\/wp\/v2\/comments?post=40"}],"wp:featuredmedia":[{"embeddable":true,"href":"https:\/\/clicknclean.es\/farmacia\/wp-json\/wp\/v2\/media\/14"}],"wp:attachment":[{"href":"https:\/\/clicknclean.es\/farmacia\/wp-json\/wp\/v2\/media?parent=40"}],"wp:term":[{"taxonomy":"product_cat","embeddable":true,"href":"https:\/\/clicknclean.es\/farmacia\/wp-json\/wp\/v2\/product_cat?post=40"},{"taxonomy":"product_tag","embeddable":true,"href":"https:\/\/clicknclean.es\/farmacia\/wp-json\/wp\/v2\/product_tag?post=40"}],"curies":[{"name":"wp","href":"https:\/\/api.w.org\/{rel}","templated":true}]}}